{"id":79,"date":"2022-12-01T11:45:04","date_gmt":"2022-12-01T04:45:04","guid":{"rendered":"https:\/\/sonha.themevivu.net\/?page_id=79"},"modified":"2026-04-10T18:56:11","modified_gmt":"2026-04-10T11:56:11","slug":"gioi-thieu","status":"publish","type":"page","link":"https:\/\/stranger.vn\/?page_id=79","title":{"rendered":"Gi\u1edbi thi\u1ec7u"},"content":{"rendered":"<p data-start=\"81\" data-end=\"120\">\ud83d\udd27 <strong data-start=\"84\" data-end=\"120\">GI\u1edaI THI\u1ec6U \u0110I\u1ec6N N\u01af\u1edaC STRANGER.VN<\/strong><\/p>\n<p data-start=\"122\" data-end=\"144\"><a href=\"https:\/\/stranger.vn\/wp-content\/uploads\/2026\/03\/cropped-Logo.jpg\"><img loading=\"lazy\" decoding=\"async\" class=\"size-medium wp-image-819 aligncenter\" src=\"https:\/\/stranger.vn\/wp-content\/uploads\/2026\/03\/cropped-Logo-300x300.jpg\" alt=\"\" width=\"300\" height=\"300\" srcset=\"https:\/\/stranger.vn\/wp-content\/uploads\/2026\/03\/cropped-Logo-300x300.jpg 300w, https:\/\/stranger.vn\/wp-content\/uploads\/2026\/03\/cropped-Logo-150x150.jpg 150w, https:\/\/stranger.vn\/wp-content\/uploads\/2026\/03\/cropped-Logo-247x247.jpg 247w, https:\/\/stranger.vn\/wp-content\/uploads\/2026\/03\/cropped-Logo-510x510.jpg 510w, https:\/\/stranger.vn\/wp-content\/uploads\/2026\/03\/cropped-Logo-100x100.jpg 100w, https:\/\/stranger.vn\/wp-content\/uploads\/2026\/03\/cropped-Logo-270x270.jpg 270w, https:\/\/stranger.vn\/wp-content\/uploads\/2026\/03\/cropped-Logo-192x192.jpg 192w, https:\/\/stranger.vn\/wp-content\/uploads\/2026\/03\/cropped-Logo-180x180.jpg 180w, https:\/\/stranger.vn\/wp-content\/uploads\/2026\/03\/cropped-Logo-32x32.jpg 32w, https:\/\/stranger.vn\/wp-content\/uploads\/2026\/03\/cropped-Logo.jpg 512w\" sizes=\"auto, (max-width: 300px) 100vw, 300px\" \/><\/a><\/p>\n<p data-start=\"196\" data-end=\"481\">Trong b\u1ed1i c\u1ea3nh hi\u1ec7n nay, khi y\u00eau c\u1ea7u v\u1ec1 ch\u1ea5t l\u01b0\u1ee3ng c\u00f4ng tr\u00ecnh, \u0111\u1ed9 an to\u00e0n v\u00e0 t\u00ednh \u1ed5n \u0111\u1ecbnh l\u00e2u d\u00e0i ng\u00e0y c\u00e0ng \u0111\u01b0\u1ee3c \u0111\u1eb7t l\u00ean h\u00e0ng \u0111\u1ea7u, vi\u1ec7c l\u1ef1a ch\u1ecdn m\u1ed9t \u0111\u01a1n v\u1ecb thi c\u00f4ng \u0111i\u1ec7n n\u01b0\u1edbc uy t\u00edn kh\u00f4ng ch\u1ec9 l\u00e0 m\u1ed9t l\u1ef1a ch\u1ecdn \u2014 m\u00e0 l\u00e0 y\u1ebfu t\u1ed1 then ch\u1ed1t quy\u1ebft \u0111\u1ecbnh hi\u1ec7u qu\u1ea3 v\u1eadn h\u00e0nh c\u1ee7a to\u00e0n b\u1ed9 c\u00f4ng tr\u00ecnh.<\/p>\n<p data-start=\"483\" data-end=\"669\"><strong data-start=\"483\" data-end=\"508\">\u0110i\u1ec7n N\u01b0\u1edbc Stranger.vn<\/strong> ra \u0111\u1eddi v\u1edbi s\u1ee9 m\u1ec7nh mang \u0111\u1ebfn gi\u1ea3i ph\u00e1p \u0111i\u1ec7n n\u01b0\u1edbc to\u00e0n di\u1ec7n, chuy\u00ean nghi\u1ec7p v\u00e0 b\u1ec1n v\u1eefng, \u0111\u00e1p \u1ee9ng linh ho\u1ea1t t\u1eeb nhu c\u1ea7u d\u00e2n d\u1ee5ng \u0111\u1ebfn c\u00e1c d\u1ef1 \u00e1n th\u01b0\u01a1ng m\u1ea1i quy m\u00f4 l\u1edbn.<\/p>\n<p data-start=\"671\" data-end=\"898\">V\u1edbi kinh nghi\u1ec7m th\u1ef1c t\u1ebf qua nhi\u1ec1u c\u00f4ng tr\u00ecnh nh\u01b0 nh\u00e0 \u1edf, showroom, c\u1eeda h\u00e0ng, si\u00eau th\u1ecb v\u00e0 h\u1ec7 th\u1ed1ng kinh doanh, ch\u00fang t\u00f4i am hi\u1ec3u s\u00e2u s\u1eafc t\u1eebng chi ti\u1ebft k\u1ef9 thu\u1eadt c\u0169ng nh\u01b0 nh\u1eefng v\u1ea5n \u0111\u1ec1 ph\u00e1t sinh trong qu\u00e1 tr\u00ecnh thi c\u00f4ng v\u00e0 v\u1eadn h\u00e0nh.<\/p>\n<p data-start=\"900\" data-end=\"1089\">Ch\u00ednh v\u00ec v\u1eady, Stranger.vn lu\u00f4n ki\u1ec3m so\u00e1t ch\u1eb7t ch\u1ebd t\u1eebng giai \u0111o\u1ea1n: t\u1eeb kh\u1ea3o s\u00e1t \u2013 t\u01b0 v\u1ea5n \u2013 thi c\u00f4ng \u2013 \u0111\u1ebfn b\u1ea3o tr\u00ec, \u0111\u1ea3m b\u1ea3o h\u1ec7 th\u1ed1ng v\u1eadn h\u00e0nh <strong data-start=\"1039\" data-end=\"1088\">an to\u00e0n \u2013 \u1ed5n \u0111\u1ecbnh \u2013 ti\u1ebft ki\u1ec7m chi ph\u00ed l\u00e2u d\u00e0i<\/strong>.<\/p>\n<hr data-start=\"1091\" data-end=\"1094\" \/>\n<p data-start=\"1096\" data-end=\"1121\">\ud83d\udca1 <strong data-start=\"1099\" data-end=\"1121\">L\u0128NH V\u1ef0C HO\u1ea0T \u0110\u1ed8NG<\/strong><\/p>\n<p data-start=\"1096\" data-end=\"1121\"><a href=\"https:\/\/stranger.vn\/wp-content\/uploads\/2026\/03\/ChatGPT-Image-17_36_37-20-thg-3-2026.png\"><img loading=\"lazy\" decoding=\"async\" class=\"size-medium wp-image-853 aligncenter\" src=\"https:\/\/stranger.vn\/wp-content\/uploads\/2026\/03\/ChatGPT-Image-17_36_37-20-thg-3-2026-300x200.png\" alt=\"\" width=\"300\" height=\"200\" srcset=\"https:\/\/stranger.vn\/wp-content\/uploads\/2026\/03\/ChatGPT-Image-17_36_37-20-thg-3-2026-300x200.png 300w, https:\/\/stranger.vn\/wp-content\/uploads\/2026\/03\/ChatGPT-Image-17_36_37-20-thg-3-2026-1024x683.png 1024w, https:\/\/stranger.vn\/wp-content\/uploads\/2026\/03\/ChatGPT-Image-17_36_37-20-thg-3-2026-768x512.png 768w, https:\/\/stranger.vn\/wp-content\/uploads\/2026\/03\/ChatGPT-Image-17_36_37-20-thg-3-2026-510x340.png 510w, https:\/\/stranger.vn\/wp-content\/uploads\/2026\/03\/ChatGPT-Image-17_36_37-20-thg-3-2026.png 1536w\" sizes=\"auto, (max-width: 300px) 100vw, 300px\" \/><\/a><\/p>\n<ul data-start=\"1123\" data-end=\"1466\">\n<li data-section-id=\"1q3guzq\" data-start=\"1123\" data-end=\"1191\">Thi c\u00f4ng h\u1ec7 th\u1ed1ng \u0111i\u1ec7n d\u00e2n d\u1ee5ng, c\u00f4ng nghi\u1ec7p, showroom, c\u1eeda h\u00e0ng<\/li>\n<li data-section-id=\"1nvkn8v\" data-start=\"1192\" data-end=\"1263\">Thi c\u00f4ng h\u1ec7 th\u1ed1ng c\u1ea5p tho\u00e1t n\u01b0\u1edbc cho nh\u00e0 \u1edf v\u00e0 c\u00f4ng tr\u00ecnh kinh doanh<\/li>\n<li data-section-id=\"184m5jz\" data-start=\"1264\" data-end=\"1336\">L\u1eafp \u0111\u1eb7t &amp; b\u1ea3o tr\u00ec m\u00e1y l\u1ea1nh (\u00e2m tr\u1ea7n, treo t\u01b0\u1eddng), h\u1ec7 th\u1ed1ng th\u00f4ng gi\u00f3<\/li>\n<li data-section-id=\"z0yg1d\" data-start=\"1337\" data-end=\"1390\">C\u1ea3i t\u1ea1o, n\u00e2ng c\u1ea5p h\u1ec7 th\u1ed1ng \u0111i\u1ec7n n\u01b0\u1edbc c\u0169 xu\u1ed1ng c\u1ea5p<\/li>\n<li data-section-id=\"1duir6q\" data-start=\"1391\" data-end=\"1466\">T\u01b0 v\u1ea5n v\u00e0 cung c\u1ea5p v\u1eadt t\u01b0 \u0111i\u1ec7n n\u01b0\u1edbc ch\u00ednh h\u00e3ng, ph\u00f9 h\u1ee3p t\u1eebng c\u00f4ng tr\u00ecnh<\/li>\n<\/ul>\n<hr data-start=\"1468\" data-end=\"1471\" \/>\n<p data-start=\"1473\" data-end=\"1512\">\ud83d\udee0 <strong data-start=\"1476\" data-end=\"1512\">QUY TR\u00ccNH L\u00c0M VI\u1ec6C CHUY\u00caN NGHI\u1ec6P<\/strong><\/p>\n<ol data-start=\"1514\" data-end=\"1875\">\n<li data-section-id=\"qiuf0u\" data-start=\"1514\" data-end=\"1580\">Ti\u1ebfp nh\u1eadn y\u00eau c\u1ea7u \u2013 L\u1eafng nghe v\u00e0 hi\u1ec3u \u0111\u00fang nhu c\u1ea7u kh\u00e1ch h\u00e0ng<\/li>\n<li data-section-id=\"h2cujm\" data-start=\"1581\" data-end=\"1634\">Kh\u1ea3o s\u00e1t th\u1ef1c t\u1ebf \u2013 \u0110\u00e1nh gi\u00e1 hi\u1ec7n tr\u1ea1ng ch\u00ednh x\u00e1c<\/li>\n<li data-section-id=\"gbq16f\" data-start=\"1635\" data-end=\"1695\">T\u01b0 v\u1ea5n &amp; b\u00e1o gi\u00e1 \u2013 Gi\u1ea3i ph\u00e1p r\u00f5 r\u00e0ng, chi ph\u00ed minh b\u1ea1ch<\/li>\n<li data-section-id=\"i2ldc3\" data-start=\"1696\" data-end=\"1747\">Thi c\u00f4ng \u2013 \u0110\u00fang k\u1ef9 thu\u1eadt, \u0111\u00fang ti\u1ebfn \u0111\u1ed9 cam k\u1ebft<\/li>\n<li data-section-id=\"1hhjk4z\" data-start=\"1748\" data-end=\"1812\">Nghi\u1ec7m thu &amp; b\u00e0n giao \u2013 Ki\u1ec3m tra k\u1ef9 l\u01b0\u1ee1ng tr\u01b0\u1edbc khi s\u1eed d\u1ee5ng<\/li>\n<li data-section-id=\"14emns6\" data-start=\"1813\" data-end=\"1875\">B\u1ea3o h\u00e0nh &amp; h\u1ed7 tr\u1ee3 \u2013 \u0110\u1ed3ng h\u00e0nh d\u00e0i l\u00e2u, h\u1ed7 tr\u1ee3 nhanh ch\u00f3ng<\/li>\n<\/ol>\n<hr data-start=\"1877\" data-end=\"1880\" \/>\n<p data-start=\"1882\" data-end=\"1904\">\ud83c\udfaf <strong data-start=\"1885\" data-end=\"1904\">GI\u00c1 TR\u1eca C\u1ed0T L\u00d5I<\/strong><\/p>\n<ul data-start=\"1906\" data-end=\"2181\">\n<li data-section-id=\"xaav1g\" data-start=\"1906\" data-end=\"1969\">Ch\u1ea5t l\u01b0\u1ee3ng \u2013 \u0110\u1eb7t ti\u00eau chu\u1ea9n k\u1ef9 thu\u1eadt v\u00e0 \u0111\u1ed9 b\u1ec1n l\u00ean h\u00e0ng \u0111\u1ea7u<\/li>\n<li data-section-id=\"qlbc7p\" data-start=\"1970\" data-end=\"2018\">Uy t\u00edn \u2013 L\u00e0m \u0111\u00fang cam k\u1ebft, n\u00f3i \u0111\u01b0\u1ee3c l\u00e0m \u0111\u01b0\u1ee3c<\/li>\n<li data-section-id=\"192myds\" data-start=\"2019\" data-end=\"2069\">Minh b\u1ea1ch \u2013 Kh\u00f4ng ph\u00e1t sinh chi ph\u00ed b\u1ea5t h\u1ee3p l\u00fd<\/li>\n<li data-section-id=\"1qw22lc\" data-start=\"2070\" data-end=\"2122\">T\u1eadn t\u00e2m \u2013 H\u1ed7 tr\u1ee3 nhanh ch\u00f3ng, lu\u00f4n v\u00ec kh\u00e1ch h\u00e0ng<\/li>\n<li data-section-id=\"1xctuig\" data-start=\"2123\" data-end=\"2181\">Hi\u1ec7u qu\u1ea3 \u2013 Gi\u1ea3i ph\u00e1p t\u1ed1i \u01b0u, ti\u1ebft ki\u1ec7m chi ph\u00ed l\u00e2u d\u00e0i<\/li>\n<\/ul>\n<hr data-start=\"2183\" data-end=\"2186\" \/>\n<p data-start=\"2188\" data-end=\"2218\">\ud83c\udf1f <strong data-start=\"2191\" data-end=\"2218\">V\u00cc SAO CH\u1eccN STRANGER.VN<\/strong><\/p>\n<p data-start=\"2220\" data-end=\"2269\">\n<p data-start=\"2220\" data-end=\"2269\"><a href=\"https:\/\/stranger.vn\/wp-content\/uploads\/2026\/04\/ChatGPT-Image-21_24_52-20-thg-3-2026.png\"><img loading=\"lazy\" decoding=\"async\" class=\"size-medium wp-image-1552 aligncenter\" src=\"https:\/\/stranger.vn\/wp-content\/uploads\/2026\/04\/ChatGPT-Image-21_24_52-20-thg-3-2026-300x200.png\" alt=\"\" width=\"300\" height=\"200\" srcset=\"https:\/\/stranger.vn\/wp-content\/uploads\/2026\/04\/ChatGPT-Image-21_24_52-20-thg-3-2026-300x200.png 300w, https:\/\/stranger.vn\/wp-content\/uploads\/2026\/04\/ChatGPT-Image-21_24_52-20-thg-3-2026-1024x683.png 1024w, https:\/\/stranger.vn\/wp-content\/uploads\/2026\/04\/ChatGPT-Image-21_24_52-20-thg-3-2026-768x512.png 768w, https:\/\/stranger.vn\/wp-content\/uploads\/2026\/04\/ChatGPT-Image-21_24_52-20-thg-3-2026-510x340.png 510w, https:\/\/stranger.vn\/wp-content\/uploads\/2026\/04\/ChatGPT-Image-21_24_52-20-thg-3-2026.png 1536w\" sizes=\"auto, (max-width: 300px) 100vw, 300px\" \/><\/a><\/p>\n<ul data-start=\"2271\" data-end=\"2539\">\n<li data-section-id=\"1hzwefz\" data-start=\"2271\" data-end=\"2330\">\u0110\u1ed9i ng\u0169 k\u1ef9 thu\u1eadt tay ngh\u1ec1 cao, gi\u00e0u kinh nghi\u1ec7m th\u1ef1c t\u1ebf<\/li>\n<li data-section-id=\"f2w4gl\" data-start=\"2331\" data-end=\"2384\">Thi c\u00f4ng \u0111a d\u1ea1ng: nh\u00e0 \u1edf, qu\u00e1n, showroom, si\u00eau th\u1ecb<\/li>\n<li data-section-id=\"5ec0xz\" data-start=\"2385\" data-end=\"2433\">T\u01b0 v\u1ea5n \u0111\u00fang nhu c\u1ea7u \u2013 kh\u00f4ng v\u1ebd th\u00eam h\u1ea1ng m\u1ee5c<\/li>\n<li data-section-id=\"1kvo5uo\" data-start=\"2434\" data-end=\"2488\">Thi c\u00f4ng nhanh \u2013 linh ho\u1ea1t theo ti\u1ebfn \u0111\u1ed9 c\u00f4ng tr\u00ecnh<\/li>\n<li data-section-id=\"1x7t46e\" data-start=\"2489\" data-end=\"2539\">B\u1ea3o h\u00e0nh r\u00f5 r\u00e0ng \u2013 h\u1ed7 tr\u1ee3 t\u1eadn n\u01a1i khi c\u00f3 s\u1ef1 c\u1ed1<\/li>\n<\/ul>\n<hr data-start=\"2541\" data-end=\"2544\" \/>\n<p data-start=\"2546\" data-end=\"2574\">\ud83d\ude80 <strong data-start=\"2549\" data-end=\"2574\">T\u1ea6M NH\u00ccN &amp; \u0110\u1ecaNH H\u01af\u1edaNG<\/strong><\/p>\n<p data-start=\"2576\" data-end=\"2692\">Stranger.vn \u0111\u1ecbnh h\u01b0\u1edbng tr\u1edf th\u00e0nh th\u01b0\u01a1ng hi\u1ec7u uy t\u00edn h\u00e0ng \u0111\u1ea7u trong l\u0129nh v\u1ef1c \u0111i\u1ec7n n\u01b0\u1edbc t\u1ea1i TP.HCM v\u00e0 khu v\u1ef1c l\u00e2n c\u1eadn.<\/p>\n<p data-start=\"2694\" data-end=\"2912\">Ch\u00fang t\u00f4i kh\u00f4ng ng\u1eebng n\u00e2ng cao ch\u1ea5t l\u01b0\u1ee3ng d\u1ecbch v\u1ee5, \u1ee9ng d\u1ee5ng c\u00f4ng ngh\u1ec7 m\u1edbi v\u00e0 m\u1edf r\u1ed9ng quy m\u00f4 ho\u1ea1t \u0111\u1ed9ng, v\u1edbi m\u1ee5c ti\u00eau kh\u00f4ng ch\u1ec9 thi c\u00f4ng m\u00e0 c\u00f2n mang \u0111\u1ebfn <strong data-start=\"2845\" data-end=\"2896\">gi\u1ea3i ph\u00e1p b\u1ec1n v\u1eefng, l\u00e2u d\u00e0i v\u00e0 hi\u1ec7u qu\u1ea3 th\u1ef1c t\u1ebf<\/strong> cho kh\u00e1ch h\u00e0ng.<\/p>\n<hr data-start=\"2914\" data-end=\"2917\" \/>\n<p data-start=\"2919\" data-end=\"2933\">\ud83d\udcac <strong data-start=\"2922\" data-end=\"2933\">S\u1ee8 M\u1ec6NH<\/strong><\/p>\n<p data-start=\"2935\" data-end=\"3077\">Mang \u0111\u1ebfn h\u1ec7 th\u1ed1ng \u0111i\u1ec7n n\u01b0\u1edbc <strong data-start=\"2963\" data-end=\"2996\">An to\u00e0n \u2013 \u1ed4n \u0111\u1ecbnh \u2013 Ti\u1ebft ki\u1ec7m<\/strong>, g\u00f3p ph\u1ea7n n\u00e2ng cao ch\u1ea5t l\u01b0\u1ee3ng cu\u1ed9c s\u1ed1ng v\u00e0 hi\u1ec7u qu\u1ea3 v\u1eadn h\u00e0nh c\u1ee7a m\u1ed7i c\u00f4ng tr\u00ecnh.<\/p>\n<hr data-start=\"3079\" data-end=\"3082\" \/>\n<p data-start=\"3084\" data-end=\"3103\">\ud83d\udcde <strong data-start=\"3087\" data-end=\"3103\">LI\u00caN H\u1ec6 NGAY<\/strong><\/p>\n<p data-start=\"3105\" data-end=\"3185\">\ud83d\udc49 T\u01b0 v\u1ea5n t\u1eadn n\u01a1i<br data-start=\"3122\" data-end=\"3125\" \/>\ud83d\udc49 B\u00e1o gi\u00e1 nhanh ch\u00f3ng<br data-start=\"3147\" data-end=\"3150\" \/>\ud83d\udc49 Thi c\u00f4ng uy t\u00edn \u2013 \u0111\u00fang cam k\u1ebft<\/p>\n<p data-start=\"3187\" data-end=\"3247\">\ud83d\udcf1 Hotline: 0923 104 410<br data-start=\"3211\" data-end=\"3214\" \/>\ud83d\udce7 Email: <a class=\"decorated-link cursor-pointer\" rel=\"noopener\" data-start=\"3224\" data-end=\"3245\">buithien462@gmail.com<\/a><\/p>\n<hr data-start=\"3249\" data-end=\"3252\" \/>\n<p data-start=\"3254\" data-end=\"3358\"><strong data-start=\"3254\" data-end=\"3358\">\u0110i\u1ec7n N\u01b0\u1edbc Stranger.vn \u2013 Gi\u1ea3i ph\u00e1p \u0111i\u1ec7n n\u01b0\u1edbc to\u00e0n di\u1ec7n, b\u1ec1n v\u1eefng v\u00e0 chuy\u00ean nghi\u1ec7p cho m\u1ecdi c\u00f4ng tr\u00ecnh.<\/strong><\/p>\n","protected":false},"excerpt":{"rendered":"<p>\ud83d\udd27 GI\u1edaI THI\u1ec6U \u0110I\u1ec6N N\u01af\u1edaC STRANGER.VN Trong b\u1ed1i c\u1ea3nh hi\u1ec7n nay, khi y\u00eau c\u1ea7u v\u1ec1 ch\u1ea5t l\u01b0\u1ee3ng c\u00f4ng tr\u00ecnh, \u0111\u1ed9 an to\u00e0n v\u00e0 t\u00ednh \u1ed5n \u0111\u1ecbnh l\u00e2u d\u00e0i ng\u00e0y c\u00e0ng \u0111\u01b0\u1ee3c \u0111\u1eb7t l\u00ean h\u00e0ng \u0111\u1ea7u, vi\u1ec7c l\u1ef1a ch\u1ecdn m\u1ed9t \u0111\u01a1n v\u1ecb thi c\u00f4ng \u0111i\u1ec7n n\u01b0\u1edbc uy t\u00edn kh\u00f4ng ch\u1ec9 l\u00e0 m\u1ed9t l\u1ef1a ch\u1ecdn \u2014 m\u00e0 [&#8230;]\n","protected":false},"author":1,"featured_media":0,"parent":0,"menu_order":0,"comment_status":"closed","ping_status":"closed","template":"page-right-sidebar.php","meta":{"_acf_changed":false,"footnotes":""},"class_list":["post-79","page","type-page","status-publish","hentry"],"acf":[],"_links":{"self":[{"href":"https:\/\/stranger.vn\/index.php?rest_route=\/wp\/v2\/pages\/79","targetHints":{"allow":["GET"]}}],"collection":[{"href":"https:\/\/stranger.vn\/index.php?rest_route=\/wp\/v2\/pages"}],"about":[{"href":"https:\/\/stranger.vn\/index.php?rest_route=\/wp\/v2\/types\/page"}],"author":[{"embeddable":true,"href":"https:\/\/stranger.vn\/index.php?rest_route=\/wp\/v2\/users\/1"}],"replies":[{"embeddable":true,"href":"https:\/\/stranger.vn\/index.php?rest_route=%2Fwp%2Fv2%2Fcomments&post=79"}],"version-history":[{"count":6,"href":"https:\/\/stranger.vn\/index.php?rest_route=\/wp\/v2\/pages\/79\/revisions"}],"predecessor-version":[{"id":1553,"href":"https:\/\/stranger.vn\/index.php?rest_route=\/wp\/v2\/pages\/79\/revisions\/1553"}],"wp:attachment":[{"href":"https:\/\/stranger.vn\/index.php?rest_route=%2Fwp%2Fv2%2Fmedia&parent=79"}],"curies":[{"name":"wp","href":"https:\/\/api.w.org\/{rel}","templated":true}]}}